ighest common divisor of 8320436 and 432076?
3964
Calculate the greatest common divisor of 63329 and 203.
7
Calculate the highest common divisor of 181434 and 1441.
11
Calculate the highest common divisor of 156891 and 27528.
93
Calculate the highest common divisor of 400 and 98416.
16
Calculate the greatest common factor of 10227 and 46284.
21
Calculate the greatest common factor of 33 and 4281057.
33
What is the highest common factor of 69 and 201534027?
69
Calculate the greatest common divisor of 217872 and 893520.
2448
Calculate the greatest common divisor of 27821490 and 276.
138
Calculate the greatest common factor of 130295 and 161920.
1265
Calculate the greatest common factor of 2718320 and 426800.
880
Calculate the highest common factor of 10593 and 158479947.
963
Calculate the greatest common divisor of 3240 and 61479000.
3240
What is the highest common factor of 15580 and 6414286?
1558
What is the greatest common factor of 45015334 and 182?
182
What is the greatest common divisor of 2740276 and 144452?
2156
Calculate the greatest common divisor of 25672937 and 34493.
2029
Calculate the greatest common divisor of 5831749 and 65296.
4081
What is the highest common factor of 319297803 and 132?
33
Calculate the highest common factor of 62849416 and 13699.
133
What is the highest common factor of 1323927 and 5841?
99
What is the highest common factor of 302816028 and 232?
116
Calculate the greatest common divisor of 1925 and 38826150.
275
What is the greatest common divisor of 13608 and 3321?
81
Calculate the highest common factor of 430954 and 97848.
302
What is the greatest common factor of 43883 and 28?
7
What is the greatest common factor of 12341 and 22407?
7
Calculate the greatest common factor of 224540 and 7292100.
2180
What is the highest common divisor of 114 and 13345961?
19
Calculate the highest common divisor of 559871400 and 86592.
10824
Calculate the greatest common divisor of 28242531 and 16245.
171
Calculate the highest common factor of 48 and 39166336.
16
What is the greatest common factor of 2862 and 315032?
106
What is the highest common factor of 329 and 1402339?
47
What is the greatest common factor of 220272 and 2140632?
312
What is the highest common factor of 59 and 23688913?
59
Calculate the highest common divisor of 71 and 531825500.
71
What is the greatest common factor of 224 and 176084528?
16
Calculate the highest common divisor of 4425975 and 38097.
2241
Calculate the highest common divisor of 66771908 and 588.
196
What is the highest common divisor of 27346 and 1006378?
226
What is the highest common factor of 60 and 13460?
20
What is the highest common factor of 1210788 and 14060?
148
What is the greatest common divisor of 50 and 416927800?
50
Calculate the greatest common divisor of 123 and 1013643.
123
Calculate the greatest common factor of 387695 and 817.
19
Calculate the highest common divisor of 37434240 and 1746.
1746
Calculate the greatest common factor of 175546 and 56.
14
Calculate the highest common divisor of 931603 and 12453.
593
What is the highest common divisor of 33801 and 1910526?
57
What is the greatest common divisor of 103919800 and 16096?
4024
What is the greatest common factor of 834248 and 8104?
8
Calculate the greatest common divisor of 969 and 927986429.
323
What is the highest common factor of 247 and 52112269?
19
Calculate the greatest common factor of 1290556 and 95380.
76
What is the highest common divisor of 128311022 and 406?
406
Calculate the greatest common factor of 36611480 and 712.
8
What is the highest common divisor of 112 and 198438772?
28
Calculate the highest common divisor of 5429 and 275293.
61
What is the greatest common factor of 4947655 and 2955?
985
Calculate the greatest common divisor of 7122 and 199986.
6
Calculate the greatest common divisor of 1694680 and 5560.
40
What is the greatest common divisor of 758 and 212376819?
379
Calculate the highest common factor of 126 and 105766262.
14
Calculate the highest common factor of 25160 and 6800000.
680
Calculate the highest common divisor of 322152 and 33.
3
What is the highest common factor of 35 and 20935285?
35
What is the greatest common divisor of 2349830 and 5810?
70
Calculate the greatest common divisor of 6174 and 24087861.
3087
What is the greatest common divisor of 616 and 8935?
1
What is the greatest common divisor of 5 and 654395515?
5
What is the highest common factor of 16 and 80004?
4
What is the greatest common factor of 806 and 903682?
26
What is the highest common factor of 50616 and 7421904?
2664
Calculate the greatest common divisor of 1820769 and 17292.
393
Calculate the greatest common factor of 245182 and 55776.
1162
What is the highest common divisor of 208 and 1165744?
16
What is the greatest common divisor of 79666 and 18056?
122
Calculate the greatest common divisor of 86584197 and 5187.
399
What is the highest common factor of 9530 and 155396180?
9530
Calculate the greatest common divisor of 339869190 and 45.
15
What is the greatest common factor of 5280 and 340326624?
1056
What is the greatest common factor of 654979920 and 2220?
2220
What is the greatest common divisor of 7184187 and 108?
27
What is the highest common factor of 1695232 and 69832?
2408
What is the greatest common divisor of 91416010 and 1680?
70
What is the highest common factor of 450709677 and 66?
33
Calculate the highest common divisor of 40232 and 253048.
376
Calculate the highest common divisor of 2291792 and 624.
16
What is the highest common factor of 1348464 and 1404?
156
Calculate the greatest common factor of 3519 and 8608256.
391
What is the greatest common divisor of 1187771 and 65?
13
What is the greatest common divisor of 296 and 920116?
148
What is the highest common factor of 144 and 756442584?
72
What is the highest common factor of 246802 and 46?
2
Calculate the greatest common divisor of 1760 and 843680.
160
What is the highest common factor of 72 and 1504788426?
18
Calculate the highest common divisor of 213980 and 550587.
823
What is the highest common factor of 1183 and 4439183?
7
What is the greatest common factor of 176231311 and 31?
31
What is the greatest common divisor of 870700089 and 29?
29
Calculate the highest common divisor of 1784174 and 322.
14
What is the highest common divisor of 8648 and 2379212?
92
Calculate the greatest common factor of 411 and 26598276.
411
What is the greatest common factor of 364330548 and 57?
57
What is the greatest common factor of 1652 and 1438597?
59
Calculate the greatest common factor of 3252 and 139402671.
813
Calculate the highest common divisor of 1085961494 and 202.
202
Calculate the highest common factor of 3926 and 5338303.
151
What is the greatest common factor of 63354870 and 30?
30
Calculate the greatest common factor of 627 and 2579687.
209
What is the greatest common factor of 201 and 62334388?
67
What is the greatest common factor of 22554744 and 9416?
856
Calculate the greatest common divisor of 1094855 and 1655.
5
Calculate the highest common divisor of 1458 and 1736.
2
What is the greatest common divisor of 99 and 89372041?
11
Calculate the highest common divisor of 2136 and 853494336.
2136
What is the highest common factor of 80734 and 26?
2
Calculate the greatest common factor of 63 and 6984383.
7
Calculate the greatest common divisor of 29751 and 2457939.
633
Calculate the greatest common divisor of 196 and 69413764.
28
Calculate the highest common factor of 1161 and 2634309.
1161
Calculate the highest common factor of 820845 and 1354329.
261
Calculate the greatest common factor of 963 and 1993945.
107
Calculate the greatest common divisor of 131428928 and 1653.
551
Calculate the greatest common factor of 46602912 and 3648.
96
Calculate the greatest common divisor of 117040 and 1085755.
1045
Calculate the highest common divisor of 16577 and 8083.
137
Calculate the highest common divisor of 4872374 and 405886.
1742
Calculate the highest common factor of 102760 and 69244826.
5138
Calculate the greatest common divisor of 3208888 and 11816.
1688
Calculate the greatest common divisor of 2533 and 120088.
17
What is the highest common factor of 98 and 40712777?
49
What is the highest common divisor of 45342429 and 528?
33
Calculate the